6/10)/(16/760)?
2, 19
Let z = -75 - -127. What are the prime factors of z?
2, 13
Suppose a - v = -2*a + 964, 5*v = 5*a - 1620. List the prime factors of a.
2, 5
Suppose -a - a = 24. Let z = a - -24. List the prime factors of z.
2, 3
Let h(s) = 5*s**2 - 6*s + 5. Let m(i) = i - 9. Let z be m(13). Let r be h(z). Suppose 3*l = -0*x - 4*x + r, 3*l = x - 4. List the prime factors of x.
13
Let t(j) = -12*j + 1. Let z(n) = 23*n - 2. Let y(k) = 5*t(k) + 3*z(k). Suppose 0*w = 3*w - 3. List the prime factors of y(w).
2
Let h = 94 - 61. List the prime factors of h.
3, 11
Let z = 137 - 94. What are the prime factors of z?
43
Let g(y) be the third derivative of y**5/60 + y**4/24 + 19*y**3/6 + 4*y**2. Let f be g(0). Suppose 0*j = -j + f. List the prime factors of j.
19
Let i = 11 - 2. List the prime factors of i.
3
Suppose 218 = 4*n - 42. List the prime factors of n.
5, 13
List the prime factors of (12/3 - 2)/(8/196).
7
Let b = -2 + 26. Suppose 2*p - b = -4. What are the prime factors of p?
2, 5
Suppose 2*t + 516 = q, t + 0*q - 2*q + 252 = 0. Let c be t/(-45) - (-2)/9. Let d(o) = o**3 - 7*o**2 + 8*o - 5. List the prime factors of d(c).
7
Let y = 17 - 14. What are the prime factors of y?
3
Let u = -20 - -53. What are the prime factors of u?
3, 11
Let r = 1 + -17. Let f(o) = -o**3 + o**2 - o - 30. Let h be f(0). Let q = r - h. List the prime factors of q.
2, 7
Let s(g) = -6*g - 6. What are the prime factors of s(-4)?
2, 3
Let w(j) = 8*j**2 - j. Let a be 72/(-16)*8/(-18). What are the prime factors of w(a)?
2, 3, 5
Suppose 3*r - 72 = 81. List the prime factors of r.
3, 17
Suppose -2*k = 4*m - 12, 3*m = 1 + 2. Suppose -3*y = k*a - 119, 5*a = 6*y - 2*y - 107. Suppose 3*l + 0*l = y. List the prime factors of l.
11
Suppose -1 = s - 6, -2*f - 5*s = -405. List the prime factors of f.
2, 5, 19
Suppose b = -0 - 1. Suppose 5*l = 4*u + 3*l - 62, 0 = 4*u - 4*l - 56. Let r = u - b. What are the prime factors of r?
2, 3
Suppose 0 = 3*l + 4*h - 6, -8 = -4*l - 0*h - 5*h. Suppose v = i + 1, 0 = -l*v + i - 0 + 6. List the prime factors of v.
5
Suppose 4*l - l = -g + 18, -4*l + 8 = -4*g. Suppose 2*c = 9 - g. List the prime factors of c.
3
Suppose -2*y + 3*y + 5 = 0. Let d(b) = -3*b + 1. Let u be d(y). Suppose w = 5*g - 110, 0 = -2*g + g - w + u. What are the prime factors of g?
3, 7
Suppose 6*s - 402 = 480. List the prime factors of s.
3, 7
Suppose 0 = -3*b + 5*b - 30. Suppose -4*c - 4 = 4*a, -2*c + 8 = -2*a - 6. Let k = a + b. What are the prime factors of k?
11
Let u(o) = -o**3 - 6*o**2 - 2*o + 6. List the prime factors of u(-6).
2, 3
Suppose -10*o = -1143 + 373. What are the prime factors of o?
7, 11
Let q(j) = 4*j - 4. Let z be q(3). Let v(k) = k**3 - 7*k**2 - 7*k + 1. List the prime factors of v(z).
3
Suppose -2*l - p = -100, -p - 192 = -4*l + p. Suppose 3*x = 3*t - x - 44, 3*t + x - l = 0. What are the prime factors of t?
2
Let c be 0*(-1)/(-2)*-1. Suppose c = y + y - 12. What are the prime factors of y?
2, 3
Let s(l) = -l**2 + 6*l + 4. Let c be s(6). Suppose t - c = 4*o + 28, 0 = -5*t - 4*o + 88. List the prime factors of t.
2, 5
Suppose 0 = -2*b + 5*b - 3*h - 171, -2*b = -h - 110. List the prime factors of b.
53
Suppose 28*n - 33*n = -1190. What are the prime factors of n?
2, 7, 17
Let d be ((-80)/(-25))/(4/30). Suppose -2*t = -5*t + d. What are the prime factors of t?
2
Let z = 133 + -89. List the prime factors of z.
2, 11
Let q = -95 + 175. List the prime factors of ((-18)/(-5))/(24/q).
2, 3
Suppose 3*z = -2*z - 4*n + 205, 5*n = 25. What are the prime factors of z?
37
Let j(u) = 6*u + 2*u**2 - 2 - 10*u + 3*u. List the prime factors of j(2).
2
Let x = -13 + 7. Let q = -4 - x. List the prime factors of q.
2
Suppose -b + 70 = -3*b. Let x = b + 49. What are the prime factors of x?
2, 7
Let s(p) = -p**2 - 8*p. Let h be s(-8). Let b = h + -8. Let m = b - -14. List the prime factors of m.
2, 3
Suppose 0 = -2*b - 0*b + 6, 312 = 3*m + 2*b. List the prime factors of m.
2, 3, 17
Suppose -1 = d - 6. Suppose -d*q = 52 - 137. List the prime factors of q.
17
Let a be 2/14 - 1958/(-14). Suppose 5*k + u + u = a, 5*u = -25. Suppose -25 = -5*d + k. List the prime factors of d.
11
Let q(z) = -3*z**2 + z. Let p be q(-1). Let j = p - -2. List the prime factors of 2*(j - -3) - -7.
3
Suppose 5*l + 1 = 6. Let s be ((-1 - -1)/l)/2. List the prime factors of 5*(0 - (-1 - s)).
5
Let i = 16 + 0. List the prime factors of i.
2
Suppose w - q + 5 = 3*q, -5*w - q = -17. Suppose 0*b = -w*b + 135. List the prime factors of b.
3, 5
Let b be (-2)/2 + -1 + 8. Suppose 5*k + b = 41. List the prime factors of k.
7
Suppose -2*j - 202 = b - 0*b, j + b = -103. List the prime factors of (-22)/j - (-25)/9.
3
Suppose -28 = 18*u - 4*u. Let z = 16 + -8. Let k = z + u. What are the prime factors of k?
2, 3
Let s(j) = j**2 - 8*j + 10. Let z be s(7). Let n = z - -9. What are the prime factors of n?
2, 3
Let a = 23 + 5. What are the prime factors of a?
2, 7
Suppose 0 = 4*d + 4 - 160. List the prime factors of d.
3, 13
Suppose 0 = -c + 3*s - 34 + 12, 62 = -5*c + 3*s. Let m be (17/2)/((-1)/2). Let h = c - m. What are the prime factors of h?
7
Let p = 1 + 2. Suppose -33 = -5*w - p. List the prime factors of w.
2, 3
Suppose -6*g + 3*o = -7*g + 178, -g = 2*o - 178. List the prime factors of g.
2, 89
List the prime factors of (3 + 0 + 0)/(348/25868).
223
List the prime factors of 5/((-25)/2) + (-1988)/(-20).
3, 11
Suppose 5*o = -5*l - 1 + 26, 0 = -4*l. Let s(m) be the third derivative of -m**5/60 + 5*m**4/24 + 5*m**3/6 - 2*m**2. List the prime factors of s(o).
5
Suppose 4*y - 103 = -5*p, y - 4 = -5*p + 3. Let j = y + -17. What are the prime factors of j?
3, 5
Let q(r) = -r**2 + 3*r + 7. Let c be q(5). Let p = c - -8. Suppose p*s - 50 = 5*o, -o = -2*s + 3*s - 6. List the prime factors of s.
2
Suppose 39 = 3*m + 5*q + 12, -45 = -5*m - 2*q. Suppose g - 3*d = 10, 3*g + 2*d + 0 = -3. Let j = m - g. List the prime factors of j.
2
Let x(f) = 3*f**2 + 11*f - 4. Let g(y) = -6*y**2 - 23*y + 8. Let z(l) = 6*g(l) + 13*x(l). List the prime factors of z(-4).
2, 3
Let o(i) = 5*i**3 - i. Let u be o(1). Let b(z) = -z. Let q be b(u). List the prime factors of (q - -2)*(0 + -6).
2, 3
Suppose -d = -0*d + 10. Let u(s) = s**2 + 7*s - 13. Let c be u(d). Suppose -n + c = -a, n + 8 = -5*a + 1. List the prime factors of n.
13
Suppose 7*c - 6 = 4*c. Suppose -64 = -c*g - 10. List the prime factors of g.
3
Suppose 0 = 2*j - 2 - 6. What are the prime factors of (0 - j)/(8/(-12))?
2, 3
Let d be (-63)/(-15) + (-4)/20. Suppose -11 - 5 = -d*v. What are the prime factors of ((-24)/20)/(v/(-50))?
3, 5
Suppose -8*r = -3*r + 2*w + 58, -5*w = 2*r + 40. Let d = -20 - -5. Let z = r - d. List the prime factors of z.
5
Suppose 18 = 5*m - 12. What are the prime factors of m?
2, 3
Let s(o) = o**2 + 20*o - 23. Let z be s(-23). Let i be -1 - (-23*1 - 1). Let c = z - i. List the prime factors of c.
23
Suppose -4 = -5*y + 6*y. Let t be 2/(-4) + 14/y. Let j(n) = -n**2 - 4*n + 2. What are the prime factors of j(t)?
2
Let b = 20 + -12. What are the prime factors of b?
2
Let p be (2/(-3))/((-4)/6). Let y = p - 2. Let s(i) = 3*i**2 - i. List the prime factors of s(y).
2
Suppose 17*x = 15*x + 242. What are the prime factors of x?
11
What are the prime factors of 3 + (-44)/16 - (-3615)/20?
181
Suppose 52 = -4*x - 44. Let s be 3*(x/(-9) - 2). Suppose -5*c = -s*c - 30. List the prime factors of c.
2, 5
List the prime factors of (160/6)/(((-30)/6)/(-15)).
2, 5
Suppose -5*i - 159 + 871 = 3*b, 0 = -2*b + 5*i + 483. What are the prime factors of b?
239
Let n be 1*(2 - (0 + 1)). Let s = 5 + -3. Let u = s + n. What are the prime factors of u?
3
Let j(l) = 3*l - 4. Let b be j(2). Let s(t) = 5*t - 5. What are the prime factors of s(b)?
5
Let j(w) = w**2 - 11*w + 3. Suppose 9 + 21 = 3*b. Let p be j(b). Let h = p - -22. List the prime factors of h.
3, 5
List the prime factors of (1 - -23)*(-3)/(-2).
2, 3
Let m(c) be the first derivative of -c**2/2 + 9*c - 2. Let u be m(6). Suppose 2*a = -u*a + 15. List the prime factors of a.
3
Let o = -4 - -4. Let l = 0 + 4. Suppose m - l = -o. What are the prime factors of m?
2
Let a = 1 + 3. Let x(h) = h - 1. Let u be x(a). Let l(m) = 4*m - 1. List the prime factors of l(u).
11
Suppose -5*t + 31 = 3*l - 0*l, 0 = 4*t - 3*l - 14. Let h be (2/t)/(2/(-10))